sor of s and u.
20
Suppose 0*c = -m - 3*c + 8, -c + 7 = -4*m. Let t be (m - -22)*1 + 1/(-1). What is the greatest common factor of t and 180?
20
Let x(u) = 5*u + 2*u**2 + 1 - 6 - 11. Let k be x(8). Calculate the highest common factor of k and 38.
38
Let a(i) = -3*i + 3. Let q(m) = 15*m - 16. Let d(p) = -11*a(p) - 2*q(p). Let j be d(7). Calculate the highest common divisor of 60 and j.
20
Let n be 10 - 10 - (1 + -1). Suppose 4*i + 4 = n, -5*y - 2*i + 0*i + 28 = 0. Let f = 42 - y. Calculate the highest common factor of 54 and f.
18
Let l(v) = -v**2 - 6*v**2 - 276*v**3 + 275*v**3 - 7*v + 4. Suppose -4*i - 11 = 13. Let z be l(i). What is the highest common divisor of 70 and z?
10
Let z be (-3 - -4)/((-2)/(-24)). Let s = 33 + -21. Suppose 10 = 17*n - s*n. What is the highest common divisor of z and n?
2
Let i = -398 - -410. What is the highest common divisor of 192 and i?
12
Suppose -t - 9 = u - 4*t, 4*u - 5*t = -22. Let j be u/(2 - 69/30). What is the greatest common factor of j and 110?
10
Let s(o) = -o**2 + o + 104. Suppose 0 = -2*j - j. Let h be s(j). Let k be (-5 - 92/(-16))*(-832)/(-48). Calculate the highest common factor of h and k.
13
Let w(t) = t**2 + 38*t + 65. Let q be w(-41). What is the greatest common factor of q and 47?
47
Suppose -290 = -124*m + 122*m. What is the greatest common divisor of 5 and m?
5
Let g(u) = 3*u**2 - 10*u - 10. Let d(o) = 4*o**2 - 11*o - 11. Let m(y) = 2*d(y) - 3*g(y). Let n be m(7). Calculate the greatest common divisor of n and 120.
15
Let d be 3 + 2*(-81)/6. Let s = 51 - d. Let i be (2324/(-77) + 2/11)/(-2). Calculate the highest common divisor of i and s.
15
Suppose 18 = 5*u + 3*o, o - 11 - 2 = -4*u. Let f = -1688 - -1706. What is the greatest common factor of u and f?
3
Let x be 2007 + ((-1)/(-2))/(40/(-560)). What is the greatest common divisor of x and 32?
16
Suppose s - 4 = 10. Let l be (-294)/12*40/(-14)*1. What is the greatest common factor of s and l?
14
Let l = -116 - -126. Let i(x) = -x**3 + 10*x**2 - x - 10. Let v be i(8). Calculate the greatest common divisor of v and l.
10
Suppose i - 4*n = -10, 111 - 149 = -3*i - 5*n. What is the greatest common factor of 726 and i?
6
Let o(k) = -32*k**3 - k**2 + 5*k - 4. Let j be o(1). Let t be j/(((-3)/(-6))/(-1)). What is the greatest common divisor of 8 and t?
8
Let a(o) = 5*o - 13 - 6*o + 10*o + 3. Let j be a(5). Suppose 8 + 2 = 2*r. Calculate the greatest common divisor of j and r.
5
Let n = -980 + 566. Let o = n - -609. What is the greatest common divisor of 39 and o?
39
Let j(g) = -g**3 + 8*g**2 + 12*g - 13. Let i be j(9). Let l(b) = 5*b**2 - 22*b + 106. Let q be l(4). Calculate the greatest common factor of q and i.
14
Suppose 2*w = 4*x - 38, -2*x + 0 = -2*w - 18. Let p = 6 + -36. Let u be 6/(-2)*200/p. What is the greatest common factor of u and x?
10
Let b(q) = -35*q - 342. Let z be b(-10). Calculate the highest common factor of 228 and z.
4
Let u = -29 + 59. Suppose 30590 = -195*g + 217*g + 415*g. What is the highest common factor of g and u?
10
Let d(b) = b**2 - 2*b + 3. Let i be d(-4). Suppose -3*v = 4*c - 417, -101 = 2*v + 4*c - 383. What is the greatest common factor of v and i?
27
Let q(h) = -17*h - 28. Let p be q(-2). Calculate the highest common factor of p and 186.
6
Let r(a) = a**3 + 11*a**2 - 13*a - 10. Let q be r(-12). Let p be q - (-1 + -27)*1. Suppose -16*g = -9*g - 140. Calculate the greatest common factor of p and g.
10
Suppose -5*t = -96 + 21. Suppose -13*s + t*s = 28. Let c(y) = 6*y**2 - 5*y + 1. Let n be c(5). Calculate the highest common divisor of s and n.
14
Let s(l) = 3*l**2 + 7*l + 13. Let q be s(-4). Let h be (1/(-3) + 4 - 3)*q. What is the greatest common divisor of 242 and h?
22
Let i(d) = -d**2 + 6*d + 3. Let z be 9 - 0 - (1 + 2). Let y be i(z). Suppose -2 = -y*c + c. What is the highest common factor of 4 and c?
1
Let l = -2 + -2. Let t be (l/5)/(6/(-15)*1). Calculate the highest common divisor of t and 12.
2
Let g be (22/(-4))/((-27)/216). What is the greatest common factor of g and 4?
4
Let j = -21 - -24. Suppose t - 144 = -4*v - t, -3*v + j*t = -90. What is the highest common divisor of v and 51?
17
Let d be (-16)/2*(-1)/4. Suppose 0 = -x - d + 13. Let c = x - -15. What is the greatest common factor of c and 39?
13
Suppose 5*t - 5*o = -o + 95, -5 = -2*t - 5*o. Suppose t*u = 19*u - 96. Suppose -83 = -2*b + 13. Calculate the highest common divisor of u and b.
24
Suppose -5*c = -0*p - 2*p - 1306, -p - 3 = 0. What is the greatest common factor of 10 and c?
10
Suppose 3*c - j = 271 + 327, -3*c + 610 = -4*j. Calculate the greatest common divisor of c and 154.
22
Let q(l) = 21*l + 412. Let r be q(3). Calculate the greatest common divisor of 57 and r.
19
Let l be (-480)/64*(-4)/2. Calculate the greatest common divisor of 1530 and l.
15
Let a be (16/6)/(6/9). Suppose a = d, 5*y = -8*d + 3*d + 90. Suppose -5*i = 2*v - 6, 5*i - 10 = 2*i + 2*v. Calculate the greatest common divisor of i and y.
2
Let w be (1 - -2)*(7 - 0). Suppose 0 = -2*t - 19 - w. Let k be 2 + t/(-12)*3. Calculate the highest common divisor of k and 49.
7
Let g = 39 + -39. Suppose 230 = k + 3*z, 3*z = 3*k - g*z - 666. What is the greatest common divisor of k and 28?
28
Suppose 132 + 3 = 3*v. What is the highest common divisor of 5 and v?
5
Let a(h) = -h**2 + 5*h + 5. Let y be a(5). Let n(w) = -2*w + 83*w**2 - 2 + 3*w - 77*w**2 + 0. Let p be n(1). What is the greatest common divisor of y and p?
5
Let x(j) be the third derivative of -j**4/24 + 13*j**3/6 + 2*j**2. Let h be x(-11). Calculate the highest common divisor of 12 and h.
12
Let n(i) be the third derivative of -i**5/60 - i**4/3 + 7*i**3/6 + 2*i**2. Let a = 36 + -43. Let s be n(a). What is the highest common divisor of s and 154?
14
Let i = 10 + -6. Suppose -5*r = 3*j - 17, i*r + 7 = 7*r + j. Let f be 19 + -2 - (0 + r). What is the greatest common factor of f and 16?
16
Let p = -448 + 670. Suppose 3*q - p = 183. Calculate the greatest common factor of q and 15.
15
Let w be (0 + (-6)/5)/(3/(-160)). Let o be 5/2*w/(-80) + 211. Calculate the highest common divisor of o and 11.
11
Suppose s + 3*u - 1129 = -201, -2*s = 5*u - 1851. Calculate the greatest common factor of 166 and s.
83
Suppose 3*t - 44 = 6*w - 2*w, -4*t + 5*w = -59. Suppose 85*o = 86*o - t. What is the highest common divisor of o and 16?
16
Let d be (9/(-6))/(6/(-36)). Suppose 3*z + 3*b = 48, 6*z - z - 4*b = 98. Calculate the highest common divisor of z and d.
9
Let x(g) = 19*g**3 + g**2 + g**2 - 3*g**2. Let y be x(1). Let i = -22 - -31. What is the highest common factor of i and y?
9
Let w(f) = f**3 + 12*f**2 - f - 5. Let u be w(-12). Suppose -36 = 4*j - u*j. What is the highest common factor of j and 3?
3
Suppose 0 = 4*u - 32 - 0. Let c(z) = 87*z**2 + 1. Let i be c(-1). Calculate the greatest common divisor of i and u.
8
Suppose -227*s = -234*s + 126. What is the highest common divisor of s and 6?
6
Let u(r) = -363*r + 61. Let w be u(-4). What is the highest common divisor of 89 and w?
89
Suppose -h = -5*t + 22, t + 13 = -4*h + 6*t. Let s be (-2 + 2 - 108)*h/(-6). What is the greatest common divisor of 18 and s?
18
Let t = -11 - -15. Let r be 18/6 - (-3)/3. Suppose -r*q + 14 = -q - b, -2*b + 8 = 0. Calculate the greatest common factor of t and q.
2
Suppose -3*o = -4*h + 251 + 249, 5*o - 276 = -2*h. Calculate the greatest common divisor of h and 24.
8
Let s = -2284 - -2285. What is the greatest common divisor of 419 and s?
1
Let q(g) = g**2 - 17. Let j be (-1 - 2 - -2) + -4. Let z be q(j). Calculate the highest common factor of 20 and z.
4
Suppose j = -0*j - 2*h + 10, -j - 5*h + 25 = 0. Let o = j + 5. Let g = 320 - 280. What is the highest common divisor of g and o?
5
Let t = -23 + 25. Suppose 4*z - t = 3*z. Suppose 5*l = -15, 0 = -0*i + i + 4*l - z. What is the greatest common divisor of 70 and i?
14
Let g be -2*(429/(-6))/11. What is the highest common divisor of g and 39?
13
Let f(u) = u**3 + 5*u**2 - 14*u - 43. Let d be f(-5). Calculate the highest common factor of d and 243.
27
Suppose -141*u = -76*u - 52650. What is the greatest common divisor of 30 and u?
30
Let d = 355 - 339. What is the greatest common divisor of 80 and d?
16
Suppose 3*k + 2 = 8. Suppose 48 = 3*u + u - 4*r, k*u + 3*r - 9 = 0. What is the highest common divisor of 27 a